termine h(-11).
262
Let m(n) = -n**3 - 33*n**2 - 74*n - 23. Calculate m(-31).
349
Let y(q) = -433*q + 31. What is y(-1)?
464
Let z(n) = 463*n + 11582. What is z(-25)?
7
Let m(a) = 95*a - 357. What is m(4)?
23
Let y(h) = h**2 - 86*h - 2647. Calculate y(-24).
-7
Let c(n) = n**2 - 17*n - 97. Calculate c(22).
13
Let h(m) = 244*m + 26582. Determine h(-109).
-14
Let l(u) = 508*u**3 - 106*u**2 - 107*u - 1. Determine l(-1).
-508
Let k(h) = -2*h**3 + 2*h**2 + 6*h - 17. Determine k(4).
-89
Let i(g) = 90*g - 3254. Give i(36).
-14
Let c(j) = -j**3 + 34*j**2 - 35*j + 39. Give c(33).
-27
Let p(z) = -253*z - 277. Give p(-1).
-24
Let v(q) = -2*q**2 - 177*q - 3584. Determine v(-34).
122
Let u(y) = y**2 + y + 49. Calculate u(-11).
159
Let z(f) = -66*f + 1117. Determine z(19).
-137
Let f(l) = 5*l**3 - 29*l**2 + 43*l - 4. What is f(3)?
-1
Let y(v) = -v**3 - 38*v**2 - 105*v - 5. Calculate y(-35).
-5
Let s(u) = -u**2 - 113. Calculate s(-16).
-369
Let a(n) = n**2 - 29*n + 68. What is a(25)?
-32
Let t(c) = -203*c**2 + 156*c - 157. Determine t(1).
-204
Let t(q) = -q**2 - 63*q + 1016. Determine t(-76).
28
Let x(w) = w**3 + 46*w**2 + 60*w + 2757. Determine x(-46).
-3
Let x(w) = -w**2 - 14*w + 272. Give x(11).
-3
Let r(j) = 243*j - 2180. Give r(9).
7
Let c(v) = -26*v - 1513. Calculate c(-56).
-57
Let k(y) = y**3 + 11*y**2 - 40*y + 33. Give k(-14).
5
Let m(j) = -1112*j - 5. What is m(0)?
-5
Let v(z) = 2*z**2 - 78*z + 364. What is v(5)?
24
Let i(c) = 2*c**3 + 47*c**2 - 22*c + 82. What is i(-24)?
34
Let d(z) = 11*z**3 - 14*z**2 - 36*z - 23. What is d(-1)?
-12
Let h(k) = -k**3 + 23*k**2 - 38*k - 71. Calculate h(21).
13
Let c(x) = -1339*x - 16. Give c(0).
-16
Let u(z) = -12*z**3 + 131*z**2 + 2*z + 114. Calculate u(11).
15
Let c(z) = -696*z - 7669. Calculate c(-11).
-13
Let k(g) = 102*g + 13232. What is k(-130)?
-28
Let x(y) = y**2 - 38*y + 337. Calculate x(22).
-15
Let h(m) = -4*m**2 + 5*m + 18. Give h(7).
-143
Let d(b) = b**3 + 24*b**2 + 146*b + 12. Give d(-12).
-12
Let h(p) = 60*p - 1508. Determine h(42).
1012
Let t(z) = 89*z - 127. Give t(5).
318
Let t(q) = 12*q + 477. Give t(-31).
105
Let f(d) = -231*d - 1252. Determine f(-3).
-559
Let d(j) = 273*j - 671. What is d(3)?
148
Let g(m) = 150*m - 4054. Calculate g(27).
-4
Let x(t) = -2*t**3 - 12*t**2 + 32*t - 20. What is x(1)?
-2
Let h(u) = u**3 + 2*u**2 - 127*u - 17. Give h(0).
-17
Let f(t) = -9*t + 606. What is f(70)?
-24
Let t(r) = -3*r**3 + 4*r**2 - 6*r + 5. What is t(4)?
-147
Let n(u) = -4*u**3 + 12*u**2 + 66*u + 14. What is n(6)?
-22
Let f(a) = -2*a**2 - 19*a - 20. Determine f(-6).
22
Let z(i) = -6*i**2 + 57*i - 33. What is z(9)?
-6
Let c(g) = -12*g**2 - 59*g - 2. Determine c(-6).
-80
Let v(k) = -8*k**2 + 31*k + 67. Determine v(-2).
-27
Let m(z) = z**2 + 39*z + 249. Determine m(-36).
141
Let l(f) = -4*f + 285. Give l(-12).
333
Let w(r) = -r**2 - 87*r - 249. What is w(-3)?
3
Let t(d) = -d**3 + d**2 + 3*d - 12. What is t(-5)?
123
Let h(r) = -28*r**2 - 63*r + 376. Determine h(-5).
-9
Let q(m) = m**3 + 24*m**2 + 54*m - 179. Calculate q(-21).
10
Let r(o) = -o**3 - 11*o**2 + 36*o + 18. Calculate r(3).
0
Let o(y) = -929*y**2 - 20*y - 23. Determine o(-1).
-932
Let x(t) = -71*t - 1041. What is x(-14)?
-47
Let p(g) = -g**3 - 13*g**2 - 39*g - 27. Determine p(-3).
0
Let c(h) = 3*h**2 + 39*h + 126. Give c(-4).
18
Let d(t) = t**3 - 183*t**2 - 944*t - 13. Determine d(-5).
7
Let x(y) = y**2 + 823*y - 1641. Determine x(2).
9
Let z(s) = 32*s + 177. What is z(-5)?
17
Let o(r) = r**3 - 30*r**2 - 136*r - 54. Calculate o(34).
-54
Let s(j) = 36*j**2 - 35. Determine s(1).
1
Let l(x) = x**3 - 51*x**2 + 111*x - 542. Determine l(49).
95
Let m(g) = -1398*g + 4196. What is m(3)?
2
Let y(c) = 2*c**2 + 171*c + 1401. Give y(-9).
24
Let q(o) = -o**3 - 89*o**2 + 465*o - 463. Give q(-94).
7
Let s(o) = 53*o - 109. Determine s(3).
50
Let o(x) = -x**2 - 72*x + 757. Calculate o(-82).
-63
Let p(m) = -32856*m - 131424. What is p(-4)?
0
Let h(z) = 60*z + 15. Give h(-3).
-165
Let b(r) = 2*r**2 - 5*r + 2. Give b(5).
27
Let r(q) = 119*q - 731. Calculate r(6).
-17
Let f(z) = -48*z + 943. Give f(20).
-17
Let j(v) = -v**3 + 2*v**2 - 1. Determine j(-3).
44
Let k(i) = -3*i**3 + 37*i**2 - 32*i + 206. Calculate k(12).
-34
Let g(n) = n**2 - 5*n - 188. Give g(0).
-188
Let w(r) = r**2 - 1324*r + 37558. Determine w(29).
3
Let x(r) = -70*r**2 - 1. Calculate x(-1).
-71
Let q(k) = k**3 - 19*k**2 + 7*k - 138. Give q(19).
-5
Let i(v) = v + 17. What is i(8)?
25
Let s(r) = r**3 - 96*r**2 - 115*r + 1724. What is s(97)?
-22
Let k(c) = -84*c**2 + 2186*c - 58. Calculate k(26).
-6
Let t(h) = -h**3 - 12*h**2 - 34*h - 248. Give t(-11).
5
Let a(k) = -1262*k + 85798. Give a(68).
-18
Let g(r) = -r**2 - 147*r + 4107. Calculate g(-171).
3
Let h(r) = -3511*r + 10536. Determine h(3).
3
Let y(u) = -u**3 + 16*u**2 - 62*u + 53. Calculate y(10).
33
Let u(h) = 283*h + 8474. Calculate u(-30).
-16
Let k(f) = f**3 - 34*f**2 + 220*f - 35. Calculate k(21).
-1148
Let b(h) = 33*h + 319. What is b(-9)?
22
Let o(c) = -56*c - 564. Calculate o(-19).
500
Let l(s) = -22*s**2 - 148*s - 968. Give l(-6).
-872
Let v(f) = f**2 + 4*f - 30. Calculate v(0).
-30
Let n(r) = -r**3 - 9*r**2 + 254*r - 26. Calculate n(12).
-2
Let y(m) = 31*m + 16. Give y(4).
140
Let m(c) = c**2 - 18*c - 112. Determine m(23).
3
Let o(b) = 3*b**3 + 227*b**2 + 154*b + 288. Give o(-75).
-12
Let m(r) = r**3 + 25*r**2 - 25*r - 31. Calculate m(-26).
-57
Let v(b) = b**3 + 5*b**2 - 128*b - 609. Determine v(-5).
31
Let a(j) = -j**3 + 122*j**2 - 470*j - 240. Calculate a(118).
-4
Let u(j) = -j**3 + 16*j**2 + 2*j + 3. Calculate u(16).
35
Let u(v) = -2*v**2 + 37*v + 739. What is u(31)?
-36
Let f(o) = 429*o - 19740. Calculate f(46).
-6
Let l(d) = -2*d**3 + 25*d**2 + 74*d + 29. Give l(15).
14
Let o(r) = 2*r - 186. Give o(-12).
-210
Let y(q) = -2*q**2 - 4*q + 70. Calculate y(-9).
-56
Let p(o) = 34*o**2 - 1901*o - 206. Determine p(56).
-38
Let z(m) = -16*m**2 + 336*m - 9. What is z(21)?
-9
Let t(r) = -r**3 + 19*r**2 + 253*r - 71. What is t(28)?
-43
Let c(g) = -42*g + 1567. Determine c(37).
13
Let k(b) = -3*b**2 + 43*b + 17. What is k(14)?
31
Let o(u) = -u**3 - 20*u**2 - 38*u - 51. Determine o(-17).
-272
Let s(z) = -8*z**2 - 188*z - 80. What is s(-23)?
12
Let a(k) = -3*k**2 - 22*k - 24. Determine a(-10).
-104
Let q(n) = -249*n - 1537. Calculate q(-6).
-43
Let b(m) = -m**2 + m + 22. Calculate b(-6).
-20
Let v(j) = -1900*j - 9484. Give v(-5).
16
Let c(l) = -l**2 + 8*l + 16. Give c(-2).
-4
Let d(n) = -23*n - 585. Determine d(-22).
-79
Let k(h) = -5*h**2 + 11*h - 9. What is k(2)?
-7
Let t(c) = -c**3 - 16*c**2 - 20*c + 19. Calculate t(-13).
-228
Let g(f) = 80*f + 457. What is g(-6)?
-23
Let g(i) = -i**3 + 5*i**2 - 5*i + 22. What is g(0)?
22
Let r(d) = -6*d**2 + 39*d + 4. Give r(7).
-17
Let r(i) = -i**3 + 239*i**2 - 1845*i - 699. Calculate r(231).
-6
Let b(j) = -2*j**3 - 3*j**2 + j + 39. Calculate b(-5).
209
Let t(g) = 15*g**3 - 3*g + 2. Give t(1).
14
Let h(o) = 94*o - 1313. What is h(11)?
-279
Let j(m) = 34*m - 222. What is j(16)?
322
Let b(o) = 6*o - 728. Give b(-20).
-848
Let y(z) = z**2 + 4*z - 73. What is y(0)?
-73
Let w(d) = -d**3 + 11*d**2 + 28*d + 33. Calculate w(13).
59
Let j(u) = -u**3 + 8*u**2 - 21*u + 6. Give j(7).
-92
Let r(f) = 8*f**2 + 241*f + 93. What is r(-30)?
63
Let g(u) = -u**3 - 9*u**2 - 131*u - 1686. Calculate g(-11).
-3
Let w(k) = -5*k**2 - 133*k - 514. Determine w(-22).
-8
Let n(t) = t**3 + 37*t**2 - 122*t - 95. Determine n(-40).
-15
Let u(i) = 2*i**3 - 15*i**2 - 15*i + 5. What is u(10)?
355
Let q(r) = r**2 + 29*r - 544. Determine q(-42).
2
Let n(l) = -42*l + 345. Determine n(9).
-33
Let c(j) = 29*j + 1006. Determine c(-36).
-38
Let u(l) = 2*l**3 - 89*l**2 + 40*l + 145. What is u(44)?
-31
Let l(x) = x**3 - 2*x**2 - 11*x + 19. Determine l(7).
187
Let p(j) = j**3 + 8*j**2 - 78*j + 20. Determine p(-14).
-64
Let i(u) = -5*u**3 + 58*u**2 - 7*u - 46. Give i(11).
240
Let y(d) = d**3 + 24*d**2 - 22*d + 117. What is y(-25)?
42
Let b(q) = 13*q**3 + 858*q**2 - 7*q - 475. Determine b(-66).
-13
Let m(n) = 13*n**2 + 23*n + 1. Calculate m(-1).
-9
Let n(d) = 8*d + 194. Give n(-12).
98
Let f(m) = 237*m + 1202. What is f(-5)?
17
Let y(z) = -z**3 - 24*z**2 - 85*z + 6. Determine y(-20).
106
Let x(t) = -91*t + 338. Give x(5).
-117
Let i(a) = -47*a + 294. Calcul